{"id":5644,"date":"2021-10-14T15:09:08","date_gmt":"2021-10-14T18:09:08","guid":{"rendered":"http:\/\/www.crede08.seduc.ce.gov.br\/?page_id=5644"},"modified":"2025-01-29T11:28:00","modified_gmt":"2025-01-29T14:28:00","slug":"guaramiranga","status":"publish","type":"page","link":"https:\/\/ww16.ce.gov.br\/crede08-seduc\/guaramiranga\/","title":{"rendered":"Guaramiranga"},"content":{"rendered":"<p>\u00c9 um munic\u00edpio brasileiro do estado do Cear\u00e1. Est\u00e1 localizado na regi\u00e3o serrana do estado, a 105,5 km da capital do estado, Fortaleza. Segundo estimativa de 2019 do IBGE, o munic\u00edpio tem cerca de 5.193 habitantes e 59 km\u00b2 de \u00e1rea. Sua sede se localiza a 865 metros de altitude. A cidade est\u00e1 situada na \u00c1rea de Prote\u00e7\u00e3o Ambiental da Serra de Baturit\u00e9.<\/p>\n<p>O munic\u00edpio se destaca como destino tur\u00edstico pelo clima ao longo do ano, rica fauna, movimentada cena art\u00edstica e importantes constru\u00e7\u00f5es hist\u00f3ricas. \u00c9 um dos munic\u00edpios com menor m\u00e9dia anual de temperatura da Regi\u00e3o Nordeste. Faz parte do Polo da Serra de Guaramiranga.<\/p>\n<p>\u00c9 a terra natal do cientista cearense Fernando de Mendon\u00e7a, um dos pais do Programa Espacial Brasileiro, que trabalhou como representante do Brasil junto \u00e0 NASA e foi o primeiro diretor do INPE; al\u00e9m de terra natal, tamb\u00e9m, do jurista Jos\u00e9 Linhares, ex-presidente da Rep\u00fablica.<\/p>\n<p>&nbsp;<\/p>\n<h4><strong>Anivers\u00e1rio e Hino<\/strong><\/h4>\n<ul class=\"ListaEst col4\">\n<li><a href=\"https:\/\/www.youtube.com\/watch?v=AX7ga_liUFo&amp;list=PL4hb7TMNpQ9MqQYWMkd0auEhZm5z-nzJi&amp;index=7&amp;ab_channel=GovernodoCear%C3%A1\" target=\"_blank\" rel=\"noopener\">Guaramiranga<\/a><\/li>\n<\/ul>\n<h4 class=\"-Title\"><b>Site do Munic\u00edpio <\/b><\/h4>\n<ul class=\"ListaEst col4\">\n<li><a href=\"https:\/\/www.guaramiranga.ce.gov.br\/\" target=\"_blank\" rel=\"noopener\"> P\u00e1gina<\/a><\/li>\n<\/ul>\n<h4 class=\"-Title\"><b>Geolocaliza\u00e7\u00e3o<\/b><\/h4>\n<ul class=\"ListaEst col4\">\n<li><a href=\"https:\/\/www.google.com\/maps\/d\/u\/0\/viewer?mid=12Lrod9H3S5YCedTW2jHDcdvUAHiQBnw&amp;ll=-4.224286000000018%2C-38.70335500000001&amp;z=11\" target=\"_blank\" rel=\"noopener\">Mapa<\/a><\/li>\n<\/ul>\n<p><a href=\"https:\/\/www.crede08.seduc.ce.gov.br\/wp-content\/uploads\/sites\/109\/2025\/01\/Guara.png\"><img loading=\"lazy\" decoding=\"async\" class=\"wp-image-13189 alignleft\" src=\"https:\/\/www.crede08.seduc.ce.gov.br\/wp-content\/uploads\/sites\/109\/2025\/01\/Guara-600x600.png\" alt=\"\" width=\"375\" height=\"375\" srcset=\"https:\/\/ww16.ce.gov.br\/crede08-seduc\/wp-content\/uploads\/sites\/109\/2025\/01\/Guara-600x600.png 600w, https:\/\/ww16.ce.gov.br\/crede08-seduc\/wp-content\/uploads\/sites\/109\/2025\/01\/Guara-1200x1200.png 1200w, https:\/\/ww16.ce.gov.br\/crede08-seduc\/wp-content\/uploads\/sites\/109\/2025\/01\/Guara-768x768.png 768w, https:\/\/ww16.ce.gov.br\/crede08-seduc\/wp-content\/uploads\/sites\/109\/2025\/01\/Guara-1536x1536.png 1536w, https:\/\/ww16.ce.gov.br\/crede08-seduc\/wp-content\/uploads\/sites\/109\/2025\/01\/Guara-2048x2048.png 2048w\" sizes=\"auto, (max-width: 375px) 100vw, 375px\" \/><\/a><\/p>\n<p><strong>PREFEITO(A)<\/strong><br \/>\nRYNARA FURTADO VASCONCELOS MOTA<\/p>\n<p><strong>VICE-PREFEITO(A)<\/strong><\/p>\n<p>&nbsp;<\/p>\n<p>&nbsp;<\/p>\n<p>&nbsp;<\/p>\n<p>&nbsp;<\/p>\n<p>&nbsp;<\/p>\n<p>&nbsp;<\/p>\n<p>&nbsp;<\/p>\n<p>&nbsp;<\/p>\n<p>&nbsp;<\/p>\n<p>&nbsp;<\/p>\n<p>&nbsp;<\/p>\n<p>&nbsp;<\/p>\n<p>&nbsp;<\/p>\n<p>&nbsp;<\/p>\n<h3>INFORMA\u00c7\u00d5ES DA(S) UNIDADE(S) ESCOLAR(ES) DO MUNIC\u00cdPIO:<\/h3>\n<table style=\"height: 118px\" width=\"961\">\n<tbody>\n<tr>\n<th><span style=\"font-size: 16px;letter-spacing: normal\">INEP<\/span><\/th>\n<th><span style=\"font-size: 16px;letter-spacing: normal\">MUNIC\u00cdPIO<\/span><\/th>\n<th><span style=\"font-size: 16px;letter-spacing: normal\">ESCOLA<\/span><\/th>\n<th><span style=\"font-size: 16px;letter-spacing: normal\">TEL ESCOLA<\/span><\/th>\n<th><span style=\"font-size: 16px;letter-spacing: normal\">DIRETOR<\/span><\/th>\n<th><span style=\"font-size: 16px;letter-spacing: normal\">E-MAIL INSTITUCIONAL<\/span><\/th>\n<\/tr>\n<tr>\n<td><span style=\"font-size: 16px;letter-spacing: normal\">23054530<\/span><\/td>\n<td rowspan=\"3\"><span style=\"font-size: 16px;letter-spacing: normal\">GUARAMIRANGA<\/span><\/td>\n<td><span style=\"font-size: 16px;letter-spacing: normal\">EEM Z\u00c9LIA DE MATOS BRITO<\/span><\/td>\n<td width=\"143\"><span style=\"font-size: 16px;letter-spacing: normal\">(85) 3321-1260<\/span><\/td>\n<td width=\"153\"><span style=\"font-size: 16px;letter-spacing: normal\">DIOGENES DE SOUSA LUZ<\/span><\/td>\n<td><a style=\"font-size: 16px;letter-spacing: normal\">zeliambrito@escola.ce.gov.br<\/a><\/td>\n<\/tr>\n<\/tbody>\n<\/table>\n","protected":false},"excerpt":{"rendered":"<p>\u00c9 um munic\u00edpio brasileiro do estado do Cear\u00e1. Est\u00e1 localizado na regi\u00e3o serrana do estado, a 105,5 km da capital do estado, Fortaleza. Segundo estimativa de 2019 do IBGE, o munic\u00edpio tem cerca de 5.193 habitantes e 59 km\u00b2 de \u00e1rea. Sua sede se localiza a 865 metros de altitude. A cidade est\u00e1 situada na [&hellip;]<\/p>\n","protected":false},"author":518,"featured_media":0,"parent":0,"menu_order":0,"comment_status":"closed","ping_status":"closed","template":"","meta":{"_acf_changed":false,"inline_featured_image":false,"footnotes":""},"class_list":["post-5644","page","type-page","status-publish","hentry"],"acf":[],"yoast_head":"<!-- This site is optimized with the Yoast SEO plugin v26.9 - https:\/\/yoast.com\/product\/yoast-seo-wordpress\/ -->\n<title>Guaramiranga - CREDE08-SEDUC<\/title>\n<meta name=\"robots\" content=\"index, follow, max-snippet:-1, max-image-preview:large, max-video-preview:-1\" \/>\n<link rel=\"canonical\" href=\"https:\/\/ww16.ce.gov.br\/crede08-seduc\/guaramiranga\/\" \/>\n<meta property=\"og:locale\" content=\"pt_BR\" \/>\n<meta property=\"og:type\" content=\"article\" \/>\n<meta property=\"og:title\" content=\"Guaramiranga - CREDE08-SEDUC\" \/>\n<meta property=\"og:description\" content=\"\u00c9 um munic\u00edpio brasileiro do estado do Cear\u00e1. Est\u00e1 localizado na regi\u00e3o serrana do estado, a 105,5 km da capital do estado, Fortaleza. Segundo estimativa de 2019 do IBGE, o munic\u00edpio tem cerca de 5.193 habitantes e 59 km\u00b2 de \u00e1rea. Sua sede se localiza a 865 metros de altitude. A cidade est\u00e1 situada na [&hellip;]\" \/>\n<meta property=\"og:url\" content=\"https:\/\/ww16.ce.gov.br\/crede08-seduc\/guaramiranga\/\" \/>\n<meta property=\"og:site_name\" content=\"CREDE08-SEDUC\" \/>\n<meta property=\"article:modified_time\" content=\"2025-01-29T14:28:00+00:00\" \/>\n<meta property=\"og:image\" content=\"http:\/\/www.crede08.seduc.ce.gov.br\/wp-content\/uploads\/sites\/109\/2025\/01\/Guara-600x600.png\" \/>\n<meta name=\"twitter:card\" content=\"summary_large_image\" \/>\n<meta name=\"twitter:label1\" content=\"Est. reading time\" \/>\n\t<meta name=\"twitter:data1\" content=\"2 minutos\" \/>\n<script type=\"application\/ld+json\" class=\"yoast-schema-graph\">{\"@context\":\"https:\/\/schema.org\",\"@graph\":[{\"@type\":\"WebPage\",\"@id\":\"https:\/\/ww16.ce.gov.br\/crede08-seduc\/guaramiranga\/\",\"url\":\"https:\/\/ww16.ce.gov.br\/crede08-seduc\/guaramiranga\/\",\"name\":\"Guaramiranga - CREDE08-SEDUC\",\"isPartOf\":{\"@id\":\"https:\/\/ww16.ce.gov.br\/crede08-seduc\/#website\"},\"primaryImageOfPage\":{\"@id\":\"https:\/\/ww16.ce.gov.br\/crede08-seduc\/guaramiranga\/#primaryimage\"},\"image\":{\"@id\":\"https:\/\/ww16.ce.gov.br\/crede08-seduc\/guaramiranga\/#primaryimage\"},\"thumbnailUrl\":\"http:\/\/www.crede08.seduc.ce.gov.br\/wp-content\/uploads\/sites\/109\/2025\/01\/Guara-600x600.png\",\"datePublished\":\"2021-10-14T18:09:08+00:00\",\"dateModified\":\"2025-01-29T14:28:00+00:00\",\"breadcrumb\":{\"@id\":\"https:\/\/ww16.ce.gov.br\/crede08-seduc\/guaramiranga\/#breadcrumb\"},\"inLanguage\":\"pt-BR\",\"potentialAction\":[{\"@type\":\"ReadAction\",\"target\":[\"https:\/\/ww16.ce.gov.br\/crede08-seduc\/guaramiranga\/\"]}]},{\"@type\":\"ImageObject\",\"inLanguage\":\"pt-BR\",\"@id\":\"https:\/\/ww16.ce.gov.br\/crede08-seduc\/guaramiranga\/#primaryimage\",\"url\":\"http:\/\/www.crede08.seduc.ce.gov.br\/wp-content\/uploads\/sites\/109\/2025\/01\/Guara-600x600.png\",\"contentUrl\":\"http:\/\/www.crede08.seduc.ce.gov.br\/wp-content\/uploads\/sites\/109\/2025\/01\/Guara-600x600.png\"},{\"@type\":\"BreadcrumbList\",\"@id\":\"https:\/\/ww16.ce.gov.br\/crede08-seduc\/guaramiranga\/#breadcrumb\",\"itemListElement\":[{\"@type\":\"ListItem\",\"position\":1,\"name\":\"In\u00edcio\",\"item\":\"https:\/\/ww16.ce.gov.br\/crede08-seduc\/\"},{\"@type\":\"ListItem\",\"position\":2,\"name\":\"Guaramiranga\"}]},{\"@type\":\"WebSite\",\"@id\":\"https:\/\/ww16.ce.gov.br\/crede08-seduc\/#website\",\"url\":\"https:\/\/ww16.ce.gov.br\/crede08-seduc\/\",\"name\":\"CREDE08-SEDUC\",\"description\":\"Portal CREDE08-SEDUC\",\"potentialAction\":[{\"@type\":\"SearchAction\",\"target\":{\"@type\":\"EntryPoint\",\"urlTemplate\":\"https:\/\/ww16.ce.gov.br\/crede08-seduc\/?s={search_term_string}\"},\"query-input\":{\"@type\":\"PropertyValueSpecification\",\"valueRequired\":true,\"valueName\":\"search_term_string\"}}],\"inLanguage\":\"pt-BR\"}]}<\/script>\n<!-- \/ Yoast SEO plugin. -->","yoast_head_json":{"title":"Guaramiranga - CREDE08-SEDUC","robots":{"index":"index","follow":"follow","max-snippet":"max-snippet:-1","max-image-preview":"max-image-preview:large","max-video-preview":"max-video-preview:-1"},"canonical":"https:\/\/ww16.ce.gov.br\/crede08-seduc\/guaramiranga\/","og_locale":"pt_BR","og_type":"article","og_title":"Guaramiranga - CREDE08-SEDUC","og_description":"\u00c9 um munic\u00edpio brasileiro do estado do Cear\u00e1. Est\u00e1 localizado na regi\u00e3o serrana do estado, a 105,5 km da capital do estado, Fortaleza. Segundo estimativa de 2019 do IBGE, o munic\u00edpio tem cerca de 5.193 habitantes e 59 km\u00b2 de \u00e1rea. Sua sede se localiza a 865 metros de altitude. A cidade est\u00e1 situada na [&hellip;]","og_url":"https:\/\/ww16.ce.gov.br\/crede08-seduc\/guaramiranga\/","og_site_name":"CREDE08-SEDUC","article_modified_time":"2025-01-29T14:28:00+00:00","og_image":[{"url":"http:\/\/www.crede08.seduc.ce.gov.br\/wp-content\/uploads\/sites\/109\/2025\/01\/Guara-600x600.png","type":"","width":"","height":""}],"twitter_card":"summary_large_image","twitter_misc":{"Est. reading time":"2 minutos"},"schema":{"@context":"https:\/\/schema.org","@graph":[{"@type":"WebPage","@id":"https:\/\/ww16.ce.gov.br\/crede08-seduc\/guaramiranga\/","url":"https:\/\/ww16.ce.gov.br\/crede08-seduc\/guaramiranga\/","name":"Guaramiranga - CREDE08-SEDUC","isPartOf":{"@id":"https:\/\/ww16.ce.gov.br\/crede08-seduc\/#website"},"primaryImageOfPage":{"@id":"https:\/\/ww16.ce.gov.br\/crede08-seduc\/guaramiranga\/#primaryimage"},"image":{"@id":"https:\/\/ww16.ce.gov.br\/crede08-seduc\/guaramiranga\/#primaryimage"},"thumbnailUrl":"http:\/\/www.crede08.seduc.ce.gov.br\/wp-content\/uploads\/sites\/109\/2025\/01\/Guara-600x600.png","datePublished":"2021-10-14T18:09:08+00:00","dateModified":"2025-01-29T14:28:00+00:00","breadcrumb":{"@id":"https:\/\/ww16.ce.gov.br\/crede08-seduc\/guaramiranga\/#breadcrumb"},"inLanguage":"pt-BR","potentialAction":[{"@type":"ReadAction","target":["https:\/\/ww16.ce.gov.br\/crede08-seduc\/guaramiranga\/"]}]},{"@type":"ImageObject","inLanguage":"pt-BR","@id":"https:\/\/ww16.ce.gov.br\/crede08-seduc\/guaramiranga\/#primaryimage","url":"http:\/\/www.crede08.seduc.ce.gov.br\/wp-content\/uploads\/sites\/109\/2025\/01\/Guara-600x600.png","contentUrl":"http:\/\/www.crede08.seduc.ce.gov.br\/wp-content\/uploads\/sites\/109\/2025\/01\/Guara-600x600.png"},{"@type":"BreadcrumbList","@id":"https:\/\/ww16.ce.gov.br\/crede08-seduc\/guaramiranga\/#breadcrumb","itemListElement":[{"@type":"ListItem","position":1,"name":"In\u00edcio","item":"https:\/\/ww16.ce.gov.br\/crede08-seduc\/"},{"@type":"ListItem","position":2,"name":"Guaramiranga"}]},{"@type":"WebSite","@id":"https:\/\/ww16.ce.gov.br\/crede08-seduc\/#website","url":"https:\/\/ww16.ce.gov.br\/crede08-seduc\/","name":"CREDE08-SEDUC","description":"Portal CREDE08-SEDUC","potentialAction":[{"@type":"SearchAction","target":{"@type":"EntryPoint","urlTemplate":"https:\/\/ww16.ce.gov.br\/crede08-seduc\/?s={search_term_string}"},"query-input":{"@type":"PropertyValueSpecification","valueRequired":true,"valueName":"search_term_string"}}],"inLanguage":"pt-BR"}]}},"_links":{"self":[{"href":"https:\/\/ww16.ce.gov.br\/crede08-seduc\/wp-json\/wp\/v2\/pages\/5644","targetHints":{"allow":["GET"]}}],"collection":[{"href":"https:\/\/ww16.ce.gov.br\/crede08-seduc\/wp-json\/wp\/v2\/pages"}],"about":[{"href":"https:\/\/ww16.ce.gov.br\/crede08-seduc\/wp-json\/wp\/v2\/types\/page"}],"author":[{"embeddable":true,"href":"https:\/\/ww16.ce.gov.br\/crede08-seduc\/wp-json\/wp\/v2\/users\/518"}],"replies":[{"embeddable":true,"href":"https:\/\/ww16.ce.gov.br\/crede08-seduc\/wp-json\/wp\/v2\/comments?post=5644"}],"version-history":[{"count":15,"href":"https:\/\/ww16.ce.gov.br\/crede08-seduc\/wp-json\/wp\/v2\/pages\/5644\/revisions"}],"predecessor-version":[{"id":13193,"href":"https:\/\/ww16.ce.gov.br\/crede08-seduc\/wp-json\/wp\/v2\/pages\/5644\/revisions\/13193"}],"wp:attachment":[{"href":"https:\/\/ww16.ce.gov.br\/crede08-seduc\/wp-json\/wp\/v2\/media?parent=5644"}],"curies":[{"name":"wp","href":"https:\/\/api.w.org\/{rel}","templated":true}]}}