{"id":5597,"date":"2021-10-14T14:07:00","date_gmt":"2021-10-14T17:07:00","guid":{"rendered":"http:\/\/www.crede08.seduc.ce.gov.br\/?page_id=5597"},"modified":"2026-02-26T13:48:55","modified_gmt":"2026-02-26T16:48:55","slug":"eeeps","status":"publish","type":"page","link":"https:\/\/ww16.ce.gov.br\/crede08-seduc\/eeeps\/","title":{"rendered":"EEEP"},"content":{"rendered":"<h2><span style=\"color: #fc6836\"><a href=\"https:\/\/www.crede08.seduc.ce.gov.br\/wp-content\/uploads\/sites\/109\/2024\/02\/2.png\"><img loading=\"lazy\" decoding=\"async\" class=\"alignright wp-image-11233\" src=\"https:\/\/www.crede08.seduc.ce.gov.br\/wp-content\/uploads\/sites\/109\/2024\/02\/2-600x386.png\" alt=\"\" width=\"350\" height=\"225\" srcset=\"https:\/\/ww16.ce.gov.br\/crede08-seduc\/wp-content\/uploads\/sites\/109\/2024\/02\/2-600x386.png 600w, https:\/\/ww16.ce.gov.br\/crede08-seduc\/wp-content\/uploads\/sites\/109\/2024\/02\/2.png 700w\" sizes=\"auto, (max-width: 350px) 100vw, 350px\" \/><\/a><\/span>EEEP Doutor Salom\u00e3o Alves de Moura<\/h2>\n<p><strong>INEP:<\/strong> 23252375<br \/>\n<strong>Diretor Escolar:<\/strong>\u00a0Queila Maria Soares Ara\u00fajo<br \/>\n<strong>Coordenador(a) Escolar: <\/strong>Francisco George da Silva do Nascimento<br \/>\n<strong>Coordenador(a) Escolar:\u00a0<\/strong>Paulo Ricardo Gon\u00e7alves Pereira<br \/>\n<strong>Coordenador(a) Escolar: <\/strong>Marcia Pinto de Abreu Brilhante<br \/>\n<strong>Secret\u00e1ria(o) Escolar:<\/strong> Ros\u00e2ngela de Oliveira L\u00facio<br \/>\n<strong>Assessor(a) Financeiro:\u00a0<\/strong>Antonia Gleiciane de Oliveira Xavier<\/p>\n<p><strong>Endere\u00e7o:<\/strong> Conjunto, Tv. S\u00f3lon Lima Verde, s\/n, Aracoiaba &#8211; CE, 62750-000<br \/>\n<strong>Telefone:<\/strong> <span aria-label=\"Ligar para (85) 3337-5507\">(85) 3337-5507<br \/>\n<\/span><strong>E-mail:<\/strong> eeepsalomaomoura@escola.ce.gov.br<\/p>\n<ul class=\"ListaEst col2\">\n<li><a href=\"https:\/\/www.instagram.com\/eeep_salomao_oficial\/\">P\u00e1gina da Escola<\/a><\/li>\n<\/ul>\n<p>&nbsp;<\/p>\n<hr \/>\n<h2><a href=\"https:\/\/www.crede08.seduc.ce.gov.br\/wp-content\/uploads\/sites\/109\/2024\/02\/4.png\"><img loading=\"lazy\" decoding=\"async\" class=\"alignright wp-image-11235\" src=\"https:\/\/www.crede08.seduc.ce.gov.br\/wp-content\/uploads\/sites\/109\/2024\/02\/4-600x386.png\" alt=\"\" width=\"350\" height=\"225\" srcset=\"https:\/\/ww16.ce.gov.br\/crede08-seduc\/wp-content\/uploads\/sites\/109\/2024\/02\/4-600x386.png 600w, https:\/\/ww16.ce.gov.br\/crede08-seduc\/wp-content\/uploads\/sites\/109\/2024\/02\/4.png 700w\" sizes=\"auto, (max-width: 350px) 100vw, 350px\" \/><\/a>EEEP Clemente Olintho T\u00e1vora Arruda<\/h2>\n<p><strong>INEP:<\/strong> 23272260<br \/>\n<strong>Diretor(a) Escolar:<\/strong>\u00a0Francisco Wagner da Costa Germano<br \/>\n<strong>Coordenador(a) Escolar:<\/strong>\u00a0Erivaldo Sales Freitas<br \/>\n<strong>Coordenador(a) Escolar: <\/strong>Ronald Felipe Barreto de Sousa<br \/>\n<strong>Secret\u00e1rio(a) Escolar: <\/strong>Ana Beatriz Torres Serafim<br \/>\n<strong>Assessor(a) Financeiro:<\/strong>\u00a0Francisco Rafael Pereira da Silva<\/p>\n<p><strong>Endere\u00e7o:<\/strong>\u00a0CE-356, Km 05 &#8211; Sanhar\u00e3o, Baturit\u00e9 &#8211; CE, 62760-000<br \/>\n<strong>Telefone:<\/strong>\u00a0(85) 3447-0890<br \/>\n<strong>E-mail:<\/strong>\u00a0eeepdebaturite@escola.ce.gov.br<\/p>\n<ul class=\"ListaEst col2\">\n<li><a href=\"https:\/\/www.instagram.com\/eeepdebaturiteoficial\/\">P\u00e1gina da Escola<\/a><\/li>\n<\/ul>\n<p>&nbsp;<\/p>\n<hr \/>\n<h2><a href=\"https:\/\/www.crede08.seduc.ce.gov.br\/wp-content\/uploads\/sites\/109\/2024\/02\/3.png\"><img loading=\"lazy\" decoding=\"async\" class=\"alignright wp-image-11234\" src=\"https:\/\/www.crede08.seduc.ce.gov.br\/wp-content\/uploads\/sites\/109\/2024\/02\/3-600x386.png\" alt=\"\" width=\"350\" height=\"225\" srcset=\"https:\/\/ww16.ce.gov.br\/crede08-seduc\/wp-content\/uploads\/sites\/109\/2024\/02\/3-600x386.png 600w, https:\/\/ww16.ce.gov.br\/crede08-seduc\/wp-content\/uploads\/sites\/109\/2024\/02\/3.png 700w\" sizes=\"auto, (max-width: 350px) 100vw, 350px\" \/><\/a>EEEP Maria M\u00f4sa da Silva<\/h2>\n<p><strong>INEP:<\/strong> 23274107<br \/>\n<strong>Diretor Escolar:<\/strong>\u00a0T\u00e9cia C\u00e2ndido de Oliveira<br \/>\n<strong>Coordenador(a) Escolar: <\/strong>Marcilia Nogueira do Nascimento<br \/>\n<strong>Coordenador(a) Escolar: <\/strong>Lucl\u00e9cia Correia Lopes<strong><br \/>\n<\/strong><strong>Coordenador(a) Escolar:<\/strong> Ana L\u00edlia Moreno da Silva Leite<br \/>\n<strong>Secret\u00e1ria(o) Escolar:<\/strong>\u00a0Cleiciane Sousa de Oliveira<br \/>\n<strong>Assessor(a) Financeiro:<\/strong>N\u00e1tila Sinezio Freire Dias<\/p>\n<p><strong>Endere\u00e7o:<\/strong>\u00a0Rodovia CE-257, S\/N, Prainha, Ocara &#8211; CE, 62755-000<br \/>\n<strong>Telefone:<\/strong> <span aria-label=\"Ligar para (85) 3337-5507\"><br \/>\n<\/span><strong>E-mail:<\/strong> eeepmariamosa@escola.ce.gov.br<\/p>\n<ul class=\"ListaEst col2\">\n<li><a href=\"https:\/\/www.instagram.com\/mariamosadasilva\/\">P\u00e1gina da Escola<\/a><\/li>\n<\/ul>\n<p>&nbsp;<\/p>\n<hr \/>\n<h2 class=\"titulo \">EEEP Maria Giselda Coelho Teixeira<a href=\"https:\/\/www.crede08.seduc.ce.gov.br\/wp-content\/uploads\/sites\/109\/2024\/03\/GS.png\"><img loading=\"lazy\" decoding=\"async\" class=\"alignright wp-image-11341\" src=\"https:\/\/www.crede08.seduc.ce.gov.br\/wp-content\/uploads\/sites\/109\/2024\/03\/GS-600x386.png\" alt=\"\" width=\"350\" height=\"225\" srcset=\"https:\/\/ww16.ce.gov.br\/crede08-seduc\/wp-content\/uploads\/sites\/109\/2024\/03\/GS-600x386.png 600w, https:\/\/ww16.ce.gov.br\/crede08-seduc\/wp-content\/uploads\/sites\/109\/2024\/03\/GS.png 700w\" sizes=\"auto, (max-width: 350px) 100vw, 350px\" \/><\/a><\/h2>\n<p><strong style=\"letter-spacing: 0.02px\">INEP:<\/strong><span style=\"letter-spacing: 0.02px\"> 23268638<\/span><br \/>\n<strong>Diretor Escolar:<\/strong>\u00a0Eliane Leite Ara\u00fajo da Silva<br \/>\n<strong>Coordenador(a) Escolar: <\/strong>Christian Gama Cavalcante<br \/>\n<strong>Coordenador(a) Escolar: <\/strong>Francisco Darlano dos Santos Lima<br \/>\n<strong>Secret\u00e1ria(o) Escolar:<\/strong>\u00a0Maria de Jesus L\u00facio da Silva<br \/>\n<strong>Assessor(a)\u00a0<\/strong><strong>Financeiro:<\/strong> Maria do Socorro Barros Silva de Ara\u00fajo<\/p>\n<p><strong>Endere\u00e7o:<\/strong>\u00a0CE-010, KM58 Bas\u00edlio, Palm\u00e1cia &#8211; CE, 62780-000<br \/>\n<strong>Telefone:<\/strong> <span aria-label=\"Ligar para (85) 3337-5507\">(85) 3339-1120<br \/>\n<\/span><strong>E-mail:<\/strong> eeepgiseldateixeira@escola.ce.gov.br<\/p>\n<ul class=\"ListaEst col2\">\n<li><a href=\"https:\/\/www.instagram.com\/eeepgiseldateixeira\/\">P\u00e1gina da Escola<\/a><\/li>\n<\/ul>\n<p>&nbsp;<\/p>\n<hr \/>\n<h2><a href=\"https:\/\/www.crede08.seduc.ce.gov.br\/wp-content\/uploads\/sites\/109\/2024\/02\/1.png\"><img loading=\"lazy\" decoding=\"async\" class=\"alignright wp-image-11232\" src=\"https:\/\/www.crede08.seduc.ce.gov.br\/wp-content\/uploads\/sites\/109\/2024\/02\/1-600x386.png\" alt=\"\" width=\"350\" height=\"225\" srcset=\"https:\/\/ww16.ce.gov.br\/crede08-seduc\/wp-content\/uploads\/sites\/109\/2024\/02\/1-600x386.png 600w, https:\/\/ww16.ce.gov.br\/crede08-seduc\/wp-content\/uploads\/sites\/109\/2024\/02\/1.png 700w\" sizes=\"auto, (max-width: 350px) 100vw, 350px\" \/><\/a>EEEP Adolfo Ferreira de Sousa<\/h2>\n<p><strong>INEP:<\/strong> 23056592<br \/>\n<strong>Diretor Escolar:<\/strong>\u00a0Francisco Luciano Leite Filho<br \/>\n<strong>Coordenador(a) Escolar:\u00a0<\/strong> Rog\u00e9ria Figueiredo Mesquita<br \/>\n<strong>Coordenador(a) Escolar:<\/strong>\u00a0Ant\u00f4nio Gomes Nogueira Neto<br \/>\n<strong>Coordenador(a) Escolar:<\/strong>\u00a0Marcela Rodrigues de Lima<br \/>\n<strong>Secret\u00e1ria(o) Escolar:<\/strong>\u00a0Patr\u00edcia Dias Milhome<br \/>\n<strong>Assessor(a)\u00a0<\/strong><strong>Financeiro:<\/strong>\u00a0Francisco Ubajara Ferreira de Lima<\/p>\n<p><strong>Endere\u00e7o:<\/strong>\u00a0Avenida da Aboli\u00e7\u00e3o, CE-060 &#8211; Centro, Reden\u00e7\u00e3o &#8211; CE, 62785-000<br \/>\n<strong>Telefone:<\/strong> <span aria-label=\"Ligar para (85) 3337-5507\">(85) 3332-1598<br \/>\n<\/span><strong>E-mail:<\/strong>\u00a0adolfofs@escola.ce.gov.br<\/p>\n<ul class=\"ListaEst col2\">\n<li><a href=\"https:\/\/www.instagram.com\/adolfoferreiraoficial\/\">P\u00e1gina da Escola<\/a><\/li>\n<\/ul>\n<p>&nbsp;<\/p>\n","protected":false},"excerpt":{"rendered":"<p>EEEP Doutor Salom\u00e3o Alves de Moura INEP: 23252375 Diretor Escolar:\u00a0Queila Maria Soares Ara\u00fajo Coordenador(a) Escolar: Francisco George da Silva do Nascimento Coordenador(a) Escolar:\u00a0Paulo Ricardo Gon\u00e7alves Pereira Coordenador(a) Escolar: Marcia Pinto de Abreu Brilhante Secret\u00e1ria(o) Escolar: Ros\u00e2ngela de Oliveira L\u00facio Assessor(a) Financeiro:\u00a0Antonia Gleiciane de Oliveira Xavier Endere\u00e7o: Conjunto, Tv. S\u00f3lon Lima Verde, s\/n, Aracoiaba &#8211; CE, [&hellip;]<\/p>\n","protected":false},"author":518,"featured_media":0,"parent":0,"menu_order":0,"comment_status":"closed","ping_status":"closed","template":"","meta":{"_acf_changed":false,"inline_featured_image":false,"footnotes":""},"class_list":["post-5597","page","type-page","status-publish","hentry"],"acf":[],"yoast_head":"<!-- This site is optimized with the Yoast SEO plugin v26.9 - https:\/\/yoast.com\/product\/yoast-seo-wordpress\/ -->\n<title>EEEP - CREDE08-SEDUC<\/title>\n<meta name=\"robots\" content=\"index, follow, max-snippet:-1, max-image-preview:large, max-video-preview:-1\" \/>\n<link rel=\"canonical\" href=\"https:\/\/ww16.ce.gov.br\/crede08-seduc\/eeeps\/\" \/>\n<meta property=\"og:locale\" content=\"pt_BR\" \/>\n<meta property=\"og:type\" content=\"article\" \/>\n<meta property=\"og:title\" content=\"EEEP - CREDE08-SEDUC\" \/>\n<meta property=\"og:description\" content=\"EEEP Doutor Salom\u00e3o Alves de Moura INEP: 23252375 Diretor Escolar:\u00a0Queila Maria Soares Ara\u00fajo Coordenador(a) Escolar: Francisco George da Silva do Nascimento Coordenador(a) Escolar:\u00a0Paulo Ricardo Gon\u00e7alves Pereira Coordenador(a) Escolar: Marcia Pinto de Abreu Brilhante Secret\u00e1ria(o) Escolar: Ros\u00e2ngela de Oliveira L\u00facio Assessor(a) Financeiro:\u00a0Antonia Gleiciane de Oliveira Xavier Endere\u00e7o: Conjunto, Tv. S\u00f3lon Lima Verde, s\/n, Aracoiaba &#8211; CE, [&hellip;]\" \/>\n<meta property=\"og:url\" content=\"https:\/\/ww16.ce.gov.br\/crede08-seduc\/eeeps\/\" \/>\n<meta property=\"og:site_name\" content=\"CREDE08-SEDUC\" \/>\n<meta property=\"article:modified_time\" content=\"2026-02-26T16:48:55+00:00\" \/>\n<meta property=\"og:image\" content=\"http:\/\/www.crede08.seduc.ce.gov.br\/wp-content\/uploads\/sites\/109\/2024\/02\/2-600x386.png\" \/>\n<meta name=\"twitter:card\" content=\"summary_large_image\" \/>\n<meta name=\"twitter:label1\" content=\"Est. reading time\" \/>\n\t<meta name=\"twitter:data1\" content=\"3 minutos\" \/>\n<script type=\"application\/ld+json\" class=\"yoast-schema-graph\">{\"@context\":\"https:\/\/schema.org\",\"@graph\":[{\"@type\":\"WebPage\",\"@id\":\"https:\/\/ww16.ce.gov.br\/crede08-seduc\/eeeps\/\",\"url\":\"https:\/\/ww16.ce.gov.br\/crede08-seduc\/eeeps\/\",\"name\":\"EEEP - CREDE08-SEDUC\",\"isPartOf\":{\"@id\":\"https:\/\/ww16.ce.gov.br\/crede08-seduc\/#website\"},\"primaryImageOfPage\":{\"@id\":\"https:\/\/ww16.ce.gov.br\/crede08-seduc\/eeeps\/#primaryimage\"},\"image\":{\"@id\":\"https:\/\/ww16.ce.gov.br\/crede08-seduc\/eeeps\/#primaryimage\"},\"thumbnailUrl\":\"http:\/\/www.crede08.seduc.ce.gov.br\/wp-content\/uploads\/sites\/109\/2024\/02\/2-600x386.png\",\"datePublished\":\"2021-10-14T17:07:00+00:00\",\"dateModified\":\"2026-02-26T16:48:55+00:00\",\"breadcrumb\":{\"@id\":\"https:\/\/ww16.ce.gov.br\/crede08-seduc\/eeeps\/#breadcrumb\"},\"inLanguage\":\"pt-BR\",\"potentialAction\":[{\"@type\":\"ReadAction\",\"target\":[\"https:\/\/ww16.ce.gov.br\/crede08-seduc\/eeeps\/\"]}]},{\"@type\":\"ImageObject\",\"inLanguage\":\"pt-BR\",\"@id\":\"https:\/\/ww16.ce.gov.br\/crede08-seduc\/eeeps\/#primaryimage\",\"url\":\"http:\/\/www.crede08.seduc.ce.gov.br\/wp-content\/uploads\/sites\/109\/2024\/02\/2-600x386.png\",\"contentUrl\":\"http:\/\/www.crede08.seduc.ce.gov.br\/wp-content\/uploads\/sites\/109\/2024\/02\/2-600x386.png\"},{\"@type\":\"BreadcrumbList\",\"@id\":\"https:\/\/ww16.ce.gov.br\/crede08-seduc\/eeeps\/#breadcrumb\",\"itemListElement\":[{\"@type\":\"ListItem\",\"position\":1,\"name\":\"In\u00edcio\",\"item\":\"https:\/\/ww16.ce.gov.br\/crede08-seduc\/\"},{\"@type\":\"ListItem\",\"position\":2,\"name\":\"EEEP\"}]},{\"@type\":\"WebSite\",\"@id\":\"https:\/\/ww16.ce.gov.br\/crede08-seduc\/#website\",\"url\":\"https:\/\/ww16.ce.gov.br\/crede08-seduc\/\",\"name\":\"CREDE08-SEDUC\",\"description\":\"Portal CREDE08-SEDUC\",\"potentialAction\":[{\"@type\":\"SearchAction\",\"target\":{\"@type\":\"EntryPoint\",\"urlTemplate\":\"https:\/\/ww16.ce.gov.br\/crede08-seduc\/?s={search_term_string}\"},\"query-input\":{\"@type\":\"PropertyValueSpecification\",\"valueRequired\":true,\"valueName\":\"search_term_string\"}}],\"inLanguage\":\"pt-BR\"}]}<\/script>\n<!-- \/ Yoast SEO plugin. -->","yoast_head_json":{"title":"EEEP - CREDE08-SEDUC","robots":{"index":"index","follow":"follow","max-snippet":"max-snippet:-1","max-image-preview":"max-image-preview:large","max-video-preview":"max-video-preview:-1"},"canonical":"https:\/\/ww16.ce.gov.br\/crede08-seduc\/eeeps\/","og_locale":"pt_BR","og_type":"article","og_title":"EEEP - CREDE08-SEDUC","og_description":"EEEP Doutor Salom\u00e3o Alves de Moura INEP: 23252375 Diretor Escolar:\u00a0Queila Maria Soares Ara\u00fajo Coordenador(a) Escolar: Francisco George da Silva do Nascimento Coordenador(a) Escolar:\u00a0Paulo Ricardo Gon\u00e7alves Pereira Coordenador(a) Escolar: Marcia Pinto de Abreu Brilhante Secret\u00e1ria(o) Escolar: Ros\u00e2ngela de Oliveira L\u00facio Assessor(a) Financeiro:\u00a0Antonia Gleiciane de Oliveira Xavier Endere\u00e7o: Conjunto, Tv. S\u00f3lon Lima Verde, s\/n, Aracoiaba &#8211; CE, [&hellip;]","og_url":"https:\/\/ww16.ce.gov.br\/crede08-seduc\/eeeps\/","og_site_name":"CREDE08-SEDUC","article_modified_time":"2026-02-26T16:48:55+00:00","og_image":[{"url":"http:\/\/www.crede08.seduc.ce.gov.br\/wp-content\/uploads\/sites\/109\/2024\/02\/2-600x386.png","type":"","width":"","height":""}],"twitter_card":"summary_large_image","twitter_misc":{"Est. reading time":"3 minutos"},"schema":{"@context":"https:\/\/schema.org","@graph":[{"@type":"WebPage","@id":"https:\/\/ww16.ce.gov.br\/crede08-seduc\/eeeps\/","url":"https:\/\/ww16.ce.gov.br\/crede08-seduc\/eeeps\/","name":"EEEP - CREDE08-SEDUC","isPartOf":{"@id":"https:\/\/ww16.ce.gov.br\/crede08-seduc\/#website"},"primaryImageOfPage":{"@id":"https:\/\/ww16.ce.gov.br\/crede08-seduc\/eeeps\/#primaryimage"},"image":{"@id":"https:\/\/ww16.ce.gov.br\/crede08-seduc\/eeeps\/#primaryimage"},"thumbnailUrl":"http:\/\/www.crede08.seduc.ce.gov.br\/wp-content\/uploads\/sites\/109\/2024\/02\/2-600x386.png","datePublished":"2021-10-14T17:07:00+00:00","dateModified":"2026-02-26T16:48:55+00:00","breadcrumb":{"@id":"https:\/\/ww16.ce.gov.br\/crede08-seduc\/eeeps\/#breadcrumb"},"inLanguage":"pt-BR","potentialAction":[{"@type":"ReadAction","target":["https:\/\/ww16.ce.gov.br\/crede08-seduc\/eeeps\/"]}]},{"@type":"ImageObject","inLanguage":"pt-BR","@id":"https:\/\/ww16.ce.gov.br\/crede08-seduc\/eeeps\/#primaryimage","url":"http:\/\/www.crede08.seduc.ce.gov.br\/wp-content\/uploads\/sites\/109\/2024\/02\/2-600x386.png","contentUrl":"http:\/\/www.crede08.seduc.ce.gov.br\/wp-content\/uploads\/sites\/109\/2024\/02\/2-600x386.png"},{"@type":"BreadcrumbList","@id":"https:\/\/ww16.ce.gov.br\/crede08-seduc\/eeeps\/#breadcrumb","itemListElement":[{"@type":"ListItem","position":1,"name":"In\u00edcio","item":"https:\/\/ww16.ce.gov.br\/crede08-seduc\/"},{"@type":"ListItem","position":2,"name":"EEEP"}]},{"@type":"WebSite","@id":"https:\/\/ww16.ce.gov.br\/crede08-seduc\/#website","url":"https:\/\/ww16.ce.gov.br\/crede08-seduc\/","name":"CREDE08-SEDUC","description":"Portal CREDE08-SEDUC","potentialAction":[{"@type":"SearchAction","target":{"@type":"EntryPoint","urlTemplate":"https:\/\/ww16.ce.gov.br\/crede08-seduc\/?s={search_term_string}"},"query-input":{"@type":"PropertyValueSpecification","valueRequired":true,"valueName":"search_term_string"}}],"inLanguage":"pt-BR"}]}},"_links":{"self":[{"href":"https:\/\/ww16.ce.gov.br\/crede08-seduc\/wp-json\/wp\/v2\/pages\/5597","targetHints":{"allow":["GET"]}}],"collection":[{"href":"https:\/\/ww16.ce.gov.br\/crede08-seduc\/wp-json\/wp\/v2\/pages"}],"about":[{"href":"https:\/\/ww16.ce.gov.br\/crede08-seduc\/wp-json\/wp\/v2\/types\/page"}],"author":[{"embeddable":true,"href":"https:\/\/ww16.ce.gov.br\/crede08-seduc\/wp-json\/wp\/v2\/users\/518"}],"replies":[{"embeddable":true,"href":"https:\/\/ww16.ce.gov.br\/crede08-seduc\/wp-json\/wp\/v2\/comments?post=5597"}],"version-history":[{"count":116,"href":"https:\/\/ww16.ce.gov.br\/crede08-seduc\/wp-json\/wp\/v2\/pages\/5597\/revisions"}],"predecessor-version":[{"id":14805,"href":"https:\/\/ww16.ce.gov.br\/crede08-seduc\/wp-json\/wp\/v2\/pages\/5597\/revisions\/14805"}],"wp:attachment":[{"href":"https:\/\/ww16.ce.gov.br\/crede08-seduc\/wp-json\/wp\/v2\/media?parent=5597"}],"curies":[{"name":"wp","href":"https:\/\/api.w.org\/{rel}","templated":true}]}}