{"id":10266,"date":"2026-02-26T09:26:23","date_gmt":"2026-02-26T12:26:23","guid":{"rendered":"http:\/\/ww16.ce.gov.br\/ceasa-ce\/?page_id=10266"},"modified":"2026-03-04T16:11:06","modified_gmt":"2026-03-04T19:11:06","slug":"quem-e-quem","status":"publish","type":"page","link":"https:\/\/ww16.ce.gov.br\/ceasa-ce\/institucional\/quem-e-quem\/","title":{"rendered":"Quem \u00e9 quem"},"content":{"rendered":"<div class=\"secretarios-container\"><div class=\"destaque-governo\" style=\"margin-bottom: 1.25rem;\"><div class=\"perfil-redes-sociais\"><img decoding=\"async\" src=\"https:\/\/ww16.ce.gov.br\/ceasa-ce\/wp-content\/uploads\/sites\/34\/2026\/03\/WhatsApp-Image-2026-04-30-at-10.15.38.jpeg\" alt=\"Hebert dos Santos Lima\" class=\"governo-foto\"><div class=\"governo-redes-sociais\"><div class=\"social-icon-container\"><a href=\"https:\/\/x\" target=\"_blank\"><img decoding=\"async\" src=\"https:\/\/ww16.ce.gov.br\/ceasa-ce\/wp-content\/plugins\/cegovbr-secretarios\/assets\/imagens\/facebook.svg\" alt=\"Facebook\" class=\"social-facebook\"><\/a><\/div><div class=\"social-icon-container\"><a href=\"https:\/\/x\" target=\"_blank\"><img decoding=\"async\" src=\"https:\/\/ww16.ce.gov.br\/ceasa-ce\/wp-content\/plugins\/cegovbr-secretarios\/assets\/imagens\/instagram.svg\" alt=\"Instagram\" class=\"social-instagram\"><\/a><\/div><div class=\"social-icon-container\"><a href=\"https:\/\/x\" target=\"_blank\"><img decoding=\"async\" src=\"https:\/\/ww16.ce.gov.br\/ceasa-ce\/wp-content\/plugins\/cegovbr-secretarios\/assets\/imagens\/twitter.svg\" alt=\"Twitter\" class=\"social-twitter\"><\/a><\/div><div class=\"social-icon-container\"><a href=\"mailto:x\" title=\"Enviar email\"><svg class=\"social-email-icon\" xmlns=\"https:\/\/www.w3.org\/2000\/svg\" viewBox=\"0 0 24 24\" fill=\"none\" stroke=\"#1B7727\" stroke-width=\"2\" stroke-linecap=\"round\" stroke-linejoin=\"round\"><rect x=\"2\" y=\"4\" width=\"20\" height=\"16\" rx=\"2\"><\/rect><path d=\"m22 7-8.97 5.7a1.94 1.94 0 0 1-2.06 0L2 7\"><\/path><\/svg><\/a><\/div><\/div><\/div><div class=\"governo-bio\"><div class=\"governo-orgao\">Presidente<\/div><h3 class=\"governo-nome\">Hebert dos Santos Lima<\/h3><div class=\"governo-bio-texto\"><p>Possui Licenciatura em Hist\u00f3ria e em Ci\u00eancias Sociais, gradua\u00e7\u00e3o em Marketing Organizacional e P\u00f3s-Gradua\u00e7\u00e3o em Gest\u00e3o e Pol\u00edticas P\u00fablicas pela Funda\u00e7\u00e3o Escola de Sociologia e Pol\u00edtica de S\u00e3o Paulo.<\/p>\n<p>Antes de tomar posse no cargo de presidente da Ceasa-CE, Hebert dos Santos Lima foi assessor da Superintend\u00eancia do Insituto do Desenvolvimento Agr\u00e1rio do Cear\u00e1 (Idace).<\/p>\n<p>Ao longo da sua trajet\u00f3ria profissional, Hebert dos Santos Lima foi secret\u00e1rio de Governo e Planejamento na Prefeitura de Pacajus; gerente da Copa de 2014 pela Prefeitura de Fortaleza; presidente da Funda\u00e7\u00e3o de Esporte, Cultura e Turismo (FUNCET) na Prefeitura de Fortaleza; assessor da Secretaria de Planejamento da Prefeitura de Aquiraz e subsecret\u00e1rio de Participa\u00e7\u00e3o Popular, na Prefeitura de Nova Igua\u00e7u (RJ).<\/p>\n<\/div><\/div><\/div><div class=\"secretarios-title-wrapper\"><h2 class=\"secretarios-title\">Diretoria<\/h2><\/div><div class=\"pesquisa-secretarios\"><div class=\"caixa-de-pesquisa-secretarios\"><div class=\"input-pesquisa-secretarios\"><span class=\"material-symbols-outlined\">search<\/span><input type=\"text\" id=\"secretarios-search-input\" class=\"placeholder-texto-pesquisa\" placeholder=\"Busque por nome ou secretaria\"><\/div><div class=\"container-botao-buscar\"><button class=\"botao-buscar\"><span class=\"texto-buscar\">Buscar<\/span><span class=\"material-symbols-outlined icone-buscar\">search<\/span><\/button><\/div><\/div><div class=\"div-listagem-cards-secretarios\"><div class=\"div-lista-cards secretarios-grid\"><div class=\"secretario-card\"><div class=\"secretario-perfil\"><img decoding=\"async\" src=\"https:\/\/ww16.ce.gov.br\/ceasa-ce\/wp-content\/uploads\/sites\/34\/2026\/03\/WhatsApp-Image-2026-04-30-at-10.15.36-600x400.jpeg\" alt=\"Marcos Feitosa\" class=\"secretario-foto\"><\/div><div class=\"secretario-informacoes\"><div class=\"secretario-orgao\">Diretor Comercial<\/div><h3 class=\"secretario-nome\">Marcos Feitosa<\/h3><div class=\"email-secretario\"><span class=\"material-symbols-outlined\">mail<\/span><a href=\"mailto:ma&#114;&#99;o&#115;&#46;&#102;e&#105;t&#111;sa&#64;ce&#97;&#115;a-c&#101;&#46;&#99;o&#109;&#46;br\">m&#97;&#114;&#99;&#111;&#115;&#46;f&#101;i&#116;&#111;&#115;&#97;&#64;cea&#115;a-&#99;e&#46;&#99;&#111;&#109;&#46;br \u2b08<\/a><\/div><div class=\"secretario-redes-sociais\"><\/div><\/div><div class=\"secretario-top-informacoes-mobile\"><div class=\"secretario-perfil\"><img decoding=\"async\" src=\"https:\/\/ww16.ce.gov.br\/ceasa-ce\/wp-content\/uploads\/sites\/34\/2026\/03\/WhatsApp-Image-2026-04-30-at-10.15.36-600x400.jpeg\" alt=\"Marcos Feitosa\" class=\"secretario-foto\"><\/div><div class=\"secretario-nome-orgao-mobile\"><div class=\"secretario-orgao\">Diretor Comercial<\/div><h3 class=\"secretario-nome\">Marcos Feitosa<\/h3><\/div><\/div><div class=\"secretario-contato-redes-mobile\"><div class=\"email-secretario\"><span class=\"material-symbols-outlined\">mail<\/span><a href=\"mailto:m&#97;rc&#111;s&#46;f&#101;i&#116;&#111;&#115;a&#64;ce&#97;sa-ce&#46;&#99;om.br\">&#109;&#97;&#114;&#99;os.f&#101;&#105;t&#111;&#115;&#97;&#64;&#99;e&#97;&#115;&#97;-c&#101;&#46;&#99;&#111;&#109;&#46;&#98;r \u2b08<\/a><\/div><div class=\"secretario-redes-sociais\"><\/div><\/div><\/div><div class=\"secretario-card\"><div class=\"secretario-perfil\"><img decoding=\"async\" src=\"https:\/\/ww16.ce.gov.br\/ceasa-ce\/wp-content\/uploads\/sites\/34\/2026\/03\/WhatsApp-Image-2026-04-30-at-10.29.19-600x400.jpeg\" alt=\"Helena Demes\" class=\"secretario-foto\"><\/div><div class=\"secretario-informacoes\"><div class=\"secretario-orgao\">Assessora de Comunica\u00e7\u00e3o e Marketing<\/div><h3 class=\"secretario-nome\">Helena Demes<\/h3><div class=\"email-secretario\"><span class=\"material-symbols-outlined\">mail<\/span><a href=\"mailto:&#105;m&#112;&#114;e&#110;s&#97;&#64;c&#101;&#97;s&#97;-&#99;e.c&#111;m&#46;b&#114;\">&#105;mpr&#101;ns&#97;&#64;&#99;easa&#45;&#99;&#101;&#46;c&#111;m&#46;b&#114; \u2b08<\/a><\/div><div class=\"secretario-redes-sociais\"><\/div><\/div><div class=\"secretario-top-informacoes-mobile\"><div class=\"secretario-perfil\"><img decoding=\"async\" src=\"https:\/\/ww16.ce.gov.br\/ceasa-ce\/wp-content\/uploads\/sites\/34\/2026\/03\/WhatsApp-Image-2026-04-30-at-10.29.19-600x400.jpeg\" alt=\"Helena Demes\" class=\"secretario-foto\"><\/div><div class=\"secretario-nome-orgao-mobile\"><div class=\"secretario-orgao\">Assessora de Comunica\u00e7\u00e3o e M&#8230;<\/div><h3 class=\"secretario-nome\">Helena Demes<\/h3><\/div><\/div><div class=\"secretario-contato-redes-mobile\"><div class=\"email-secretario\"><span class=\"material-symbols-outlined\">mail<\/span><a href=\"mailto:im&#112;&#114;&#101;&#110;&#115;&#97;&#64;c&#101;&#97;&#115;&#97;&#45;c&#101;&#46;&#99;o&#109;.&#98;r\">i&#109;p&#114;ensa&#64;ceasa&#45;ce.&#99;o&#109;&#46;&#98;r \u2b08<\/a><\/div><div class=\"secretario-redes-sociais\"><\/div><\/div><\/div><div class=\"secretario-card\"><div class=\"secretario-perfil\"><img decoding=\"async\" src=\"https:\/\/ww16.ce.gov.br\/ceasa-ce\/wp-content\/uploads\/sites\/34\/2026\/02\/WhatsApp-Image-2026-02-26-at-12.13.28-600x1067.jpeg\" alt=\"Felipe Gon\u00e7alves\" class=\"secretario-foto\"><\/div><div class=\"secretario-informacoes\"><div class=\"secretario-orgao\">Chefe de Gabinete<\/div><h3 class=\"secretario-nome\">Felipe Gon\u00e7alves<\/h3><div class=\"email-secretario\"><span class=\"material-symbols-outlined\">mail<\/span><a href=\"mailto:&#102;&#101;lip&#101;.gon&#99;&#97;lve&#115;&#64;&#99;easa-&#99;e.&#99;&#111;m.&#98;&#114;\">&#102;el&#105;&#112;&#101;&#46;g&#111;&#110;c&#97;&#108;&#118;&#101;s&#64;c&#101;&#97;sa-&#99;&#101;.co&#109;&#46;b&#114; \u2b08<\/a><\/div><div class=\"secretario-redes-sociais\"><\/div><\/div><div class=\"secretario-top-informacoes-mobile\"><div class=\"secretario-perfil\"><img decoding=\"async\" src=\"https:\/\/ww16.ce.gov.br\/ceasa-ce\/wp-content\/uploads\/sites\/34\/2026\/02\/WhatsApp-Image-2026-02-26-at-12.13.28-600x1067.jpeg\" alt=\"Felipe Gon\u00e7alves\" class=\"secretario-foto\"><\/div><div class=\"secretario-nome-orgao-mobile\"><div class=\"secretario-orgao\">Chefe de Gabinete<\/div><h3 class=\"secretario-nome\">Felipe Gon\u00e7alves<\/h3><\/div><\/div><div class=\"secretario-contato-redes-mobile\"><div class=\"email-secretario\"><span class=\"material-symbols-outlined\">mail<\/span><a href=\"mailto:&#102;&#101;l&#105;&#112;&#101;.g&#111;&#110;&#99;&#97;l&#118;&#101;s&#64;c&#101;&#97;sa&#45;&#99;e.c&#111;&#109;.br\">fe&#108;i&#112;e.&#103;onc&#97;&#108;&#118;&#101;s&#64;c&#101;&#97;s&#97;-&#99;&#101;&#46;&#99;om.br \u2b08<\/a><\/div><div class=\"secretario-redes-sociais\"><\/div><\/div><\/div><div class=\"secretario-card\"><div class=\"secretario-perfil\"><img decoding=\"async\" src=\"https:\/\/ww16.ce.gov.br\/ceasa-ce\/wp-content\/uploads\/sites\/34\/2026\/03\/WhatsApp-Image-2026-04-30-at-10.15.37-1-600x400.jpeg\" alt=\"Tarc\u00edsio N\u00e9lio Paiva de Lima\" class=\"secretario-foto\"><\/div><div class=\"secretario-informacoes\"><div class=\"secretario-orgao\">Diretor T\u00e9cnico-Operacional<\/div><h3 class=\"secretario-nome\">Tarc\u00edsio N\u00e9lio Paiva de Lima<\/h3><div class=\"email-secretario\"><span class=\"material-symbols-outlined\">mail<\/span><a href=\"mailto:t&#97;rci&#115;io.l&#105;m&#97;&#64;&#99;&#101;&#97;s&#97;&#45;&#99;&#101;&#46;co&#109;.br\">t&#97;r&#99;is&#105;o.&#108;&#105;&#109;&#97;&#64;cea&#115;&#97;-&#99;&#101;.&#99;om&#46;br \u2b08<\/a><\/div><div class=\"secretario-redes-sociais\"><\/div><\/div><div class=\"secretario-top-informacoes-mobile\"><div class=\"secretario-perfil\"><img decoding=\"async\" src=\"https:\/\/ww16.ce.gov.br\/ceasa-ce\/wp-content\/uploads\/sites\/34\/2026\/03\/WhatsApp-Image-2026-04-30-at-10.15.37-1-600x400.jpeg\" alt=\"Tarc\u00edsio N\u00e9lio Paiva de Lima\" class=\"secretario-foto\"><\/div><div class=\"secretario-nome-orgao-mobile\"><div class=\"secretario-orgao\">Diretor T\u00e9cnico-Operacional<\/div><h3 class=\"secretario-nome\">Tarc\u00edsio N\u00e9lio Paiva de Lima<\/h3><\/div><\/div><div class=\"secretario-contato-redes-mobile\"><div class=\"email-secretario\"><span class=\"material-symbols-outlined\">mail<\/span><a href=\"mailto:&#116;a&#114;ci&#115;io&#46;&#108;&#105;&#109;a&#64;c&#101;&#97;&#115;a&#45;&#99;&#101;.c&#111;m.br\">&#116;arci&#115;io.&#108;&#105;ma&#64;&#99;&#101;a&#115;&#97;-&#99;e&#46;&#99;&#111;&#109;&#46;&#98;r \u2b08<\/a><\/div><div class=\"secretario-redes-sociais\"><\/div><\/div><\/div><div class=\"secretario-card\"><div class=\"secretario-perfil\"><img decoding=\"async\" src=\"https:\/\/ww16.ce.gov.br\/ceasa-ce\/wp-content\/uploads\/sites\/34\/2026\/03\/WhatsApp-Image-2026-04-30-at-10.15.41-600x1067.jpeg\" alt=\"Rosanne Bezerra Silva\" class=\"secretario-foto\"><\/div><div class=\"secretario-informacoes\"><div class=\"secretario-orgao\">Diretora Administrativo-Financeira<\/div><h3 class=\"secretario-nome\">Rosanne Bezerra Silva<\/h3><div class=\"email-secretario\"><span class=\"material-symbols-outlined\">mail<\/span><a href=\"mailto:&#114;&#111;&#115;&#97;&#110;ne&#46;&#98;eze&#114;&#114;a&#64;cea&#115;&#97;-ce.&#99;&#111;m&#46;b&#114;\">r&#111;san&#110;e.b&#101;&#122;&#101;&#114;&#114;&#97;&#64;c&#101;a&#115;a&#45;&#99;&#101;.c&#111;&#109;.&#98;r \u2b08<\/a><\/div><div class=\"secretario-redes-sociais\"><\/div><\/div><div class=\"secretario-top-informacoes-mobile\"><div class=\"secretario-perfil\"><img decoding=\"async\" src=\"https:\/\/ww16.ce.gov.br\/ceasa-ce\/wp-content\/uploads\/sites\/34\/2026\/03\/WhatsApp-Image-2026-04-30-at-10.15.41-600x1067.jpeg\" alt=\"Rosanne Bezerra Silva\" class=\"secretario-foto\"><\/div><div class=\"secretario-nome-orgao-mobile\"><div class=\"secretario-orgao\">Diretora Administrativo-Financ&#8230;<\/div><h3 class=\"secretario-nome\">Rosanne Bezerra Silva<\/h3><\/div><\/div><div class=\"secretario-contato-redes-mobile\"><div class=\"email-secretario\"><span class=\"material-symbols-outlined\">mail<\/span><a href=\"mailto:&#114;&#111;sa&#110;&#110;e&#46;&#98;&#101;&#122;&#101;rra&#64;&#99;&#101;&#97;&#115;a&#45;ce.co&#109;&#46;b&#114;\">r&#111;sanne.be&#122;e&#114;r&#97;&#64;&#99;e&#97;sa&#45;&#99;&#101;.co&#109;.br \u2b08<\/a><\/div><div class=\"secretario-redes-sociais\"><\/div><\/div><\/div><div class=\"secretario-card\"><div class=\"secretario-perfil\"><img decoding=\"async\" src=\"https:\/\/ww16.ce.gov.br\/ceasa-ce\/wp-content\/uploads\/sites\/34\/2026\/03\/WhatsApp-Image-2026-04-30-at-10.15.37-600x400.jpeg\" alt=\"Narciso Pessoa Mont Alverne Frota\" class=\"secretario-foto\"><\/div><div class=\"secretario-informacoes\"><div class=\"secretario-orgao\">Diretor de Planejamento<\/div><h3 class=\"secretario-nome\">Narciso Pessoa Mont Alverne Frota<\/h3><div class=\"email-secretario\"><span class=\"material-symbols-outlined\">mail<\/span><a href=\"mailto:&#110;&#97;&#114;&#99;&#105;&#115;&#111;.&#112;e&#115;&#115;&#111;a&#64;&#99;&#101;&#97;s&#97;-&#99;&#101;&#46;&#99;&#111;&#109;.br\">&#110;&#97;&#114;ciso&#46;&#112;&#101;&#115;s&#111;a&#64;ce&#97;s&#97;&#45;c&#101;&#46;&#99;&#111;m&#46;&#98;&#114; \u2b08<\/a><\/div><div class=\"secretario-redes-sociais\"><\/div><\/div><div class=\"secretario-top-informacoes-mobile\"><div class=\"secretario-perfil\"><img decoding=\"async\" src=\"https:\/\/ww16.ce.gov.br\/ceasa-ce\/wp-content\/uploads\/sites\/34\/2026\/03\/WhatsApp-Image-2026-04-30-at-10.15.37-600x400.jpeg\" alt=\"Narciso Pessoa Mont Alverne Frota\" class=\"secretario-foto\"><\/div><div class=\"secretario-nome-orgao-mobile\"><div class=\"secretario-orgao\">Diretor de Planejamento<\/div><h3 class=\"secretario-nome\">Narciso Pessoa Mont Alverne Frota<\/h3><\/div><\/div><div class=\"secretario-contato-redes-mobile\"><div class=\"email-secretario\"><span class=\"material-symbols-outlined\">mail<\/span><a href=\"mailto:n&#97;rc&#105;&#115;o.&#112;&#101;&#115;s&#111;a&#64;c&#101;a&#115;&#97;&#45;&#99;e&#46;&#99;om&#46;b&#114;\">narci&#115;&#111;.&#112;&#101;&#115;s&#111;&#97;&#64;&#99;easa&#45;&#99;e&#46;&#99;&#111;m&#46;br \u2b08<\/a><\/div><div class=\"secretario-redes-sociais\"><\/div><\/div><\/div><\/div><\/div><\/div><\/div>\n\n\n<p><\/p>\n","protected":false},"excerpt":{"rendered":"","protected":false},"author":80,"featured_media":0,"parent":52,"menu_order":0,"comment_status":"closed","ping_status":"closed","template":"page-secretarios.php","meta":{"_acf_changed":false,"inline_featured_image":false,"footnotes":""},"class_list":["post-10266","page","type-page","status-publish","hentry"],"acf":[],"yoast_head":"<!-- This site is optimized with the Yoast SEO plugin v26.9 - https:\/\/yoast.com\/product\/yoast-seo-wordpress\/ -->\n<title>Quem \u00e9 quem - CEASA-CE<\/title>\n<meta name=\"robots\" content=\"index, follow, max-snippet:-1, max-image-preview:large, max-video-preview:-1\" \/>\n<link rel=\"canonical\" href=\"https:\/\/ww16.ce.gov.br\/ceasa-ce\/institucional\/quem-e-quem\/\" \/>\n<meta property=\"og:locale\" content=\"pt_BR\" \/>\n<meta property=\"og:type\" content=\"article\" \/>\n<meta property=\"og:title\" content=\"Quem \u00e9 quem - CEASA-CE\" \/>\n<meta property=\"og:url\" content=\"https:\/\/ww16.ce.gov.br\/ceasa-ce\/institucional\/quem-e-quem\/\" \/>\n<meta property=\"og:site_name\" content=\"CEASA-CE\" \/>\n<meta property=\"article:modified_time\" content=\"2026-03-04T19:11:06+00:00\" \/>\n<meta name=\"twitter:card\" content=\"summary_large_image\" \/>\n<script type=\"application\/ld+json\" class=\"yoast-schema-graph\">{\"@context\":\"https:\/\/schema.org\",\"@graph\":[{\"@type\":\"WebPage\",\"@id\":\"https:\/\/ww16.ce.gov.br\/ceasa-ce\/institucional\/quem-e-quem\/\",\"url\":\"https:\/\/ww16.ce.gov.br\/ceasa-ce\/institucional\/quem-e-quem\/\",\"name\":\"Quem \u00e9 quem - CEASA-CE\",\"isPartOf\":{\"@id\":\"https:\/\/ww16.ce.gov.br\/ceasa-ce\/#website\"},\"datePublished\":\"2026-02-26T12:26:23+00:00\",\"dateModified\":\"2026-03-04T19:11:06+00:00\",\"breadcrumb\":{\"@id\":\"https:\/\/ww16.ce.gov.br\/ceasa-ce\/institucional\/quem-e-quem\/#breadcrumb\"},\"inLanguage\":\"pt-BR\",\"potentialAction\":[{\"@type\":\"ReadAction\",\"target\":[\"https:\/\/ww16.ce.gov.br\/ceasa-ce\/institucional\/quem-e-quem\/\"]}]},{\"@type\":\"BreadcrumbList\",\"@id\":\"https:\/\/ww16.ce.gov.br\/ceasa-ce\/institucional\/quem-e-quem\/#breadcrumb\",\"itemListElement\":[{\"@type\":\"ListItem\",\"position\":1,\"name\":\"Home\",\"item\":\"https:\/\/ww16.ce.gov.br\/ceasa-ce\/\"},{\"@type\":\"ListItem\",\"position\":2,\"name\":\"Institucional\",\"item\":\"https:\/\/ww16.ce.gov.br\/ceasa-ce\/institucional\/\"},{\"@type\":\"ListItem\",\"position\":3,\"name\":\"Quem \u00e9 quem\"}]},{\"@type\":\"WebSite\",\"@id\":\"https:\/\/ww16.ce.gov.br\/ceasa-ce\/#website\",\"url\":\"https:\/\/ww16.ce.gov.br\/ceasa-ce\/\",\"name\":\"CEASA-CE\",\"description\":\"Portal CEASA-CE\",\"potentialAction\":[{\"@type\":\"SearchAction\",\"target\":{\"@type\":\"EntryPoint\",\"urlTemplate\":\"https:\/\/ww16.ce.gov.br\/ceasa-ce\/?s={search_term_string}\"},\"query-input\":{\"@type\":\"PropertyValueSpecification\",\"valueRequired\":true,\"valueName\":\"search_term_string\"}}],\"inLanguage\":\"pt-BR\"}]}<\/script>\n<!-- \/ Yoast SEO plugin. -->","yoast_head_json":{"title":"Quem \u00e9 quem - CEASA-CE","robots":{"index":"index","follow":"follow","max-snippet":"max-snippet:-1","max-image-preview":"max-image-preview:large","max-video-preview":"max-video-preview:-1"},"canonical":"https:\/\/ww16.ce.gov.br\/ceasa-ce\/institucional\/quem-e-quem\/","og_locale":"pt_BR","og_type":"article","og_title":"Quem \u00e9 quem - CEASA-CE","og_url":"https:\/\/ww16.ce.gov.br\/ceasa-ce\/institucional\/quem-e-quem\/","og_site_name":"CEASA-CE","article_modified_time":"2026-03-04T19:11:06+00:00","twitter_card":"summary_large_image","schema":{"@context":"https:\/\/schema.org","@graph":[{"@type":"WebPage","@id":"https:\/\/ww16.ce.gov.br\/ceasa-ce\/institucional\/quem-e-quem\/","url":"https:\/\/ww16.ce.gov.br\/ceasa-ce\/institucional\/quem-e-quem\/","name":"Quem \u00e9 quem - CEASA-CE","isPartOf":{"@id":"https:\/\/ww16.ce.gov.br\/ceasa-ce\/#website"},"datePublished":"2026-02-26T12:26:23+00:00","dateModified":"2026-03-04T19:11:06+00:00","breadcrumb":{"@id":"https:\/\/ww16.ce.gov.br\/ceasa-ce\/institucional\/quem-e-quem\/#breadcrumb"},"inLanguage":"pt-BR","potentialAction":[{"@type":"ReadAction","target":["https:\/\/ww16.ce.gov.br\/ceasa-ce\/institucional\/quem-e-quem\/"]}]},{"@type":"BreadcrumbList","@id":"https:\/\/ww16.ce.gov.br\/ceasa-ce\/institucional\/quem-e-quem\/#breadcrumb","itemListElement":[{"@type":"ListItem","position":1,"name":"Home","item":"https:\/\/ww16.ce.gov.br\/ceasa-ce\/"},{"@type":"ListItem","position":2,"name":"Institucional","item":"https:\/\/ww16.ce.gov.br\/ceasa-ce\/institucional\/"},{"@type":"ListItem","position":3,"name":"Quem \u00e9 quem"}]},{"@type":"WebSite","@id":"https:\/\/ww16.ce.gov.br\/ceasa-ce\/#website","url":"https:\/\/ww16.ce.gov.br\/ceasa-ce\/","name":"CEASA-CE","description":"Portal CEASA-CE","potentialAction":[{"@type":"SearchAction","target":{"@type":"EntryPoint","urlTemplate":"https:\/\/ww16.ce.gov.br\/ceasa-ce\/?s={search_term_string}"},"query-input":{"@type":"PropertyValueSpecification","valueRequired":true,"valueName":"search_term_string"}}],"inLanguage":"pt-BR"}]}},"_links":{"self":[{"href":"https:\/\/ww16.ce.gov.br\/ceasa-ce\/wp-json\/wp\/v2\/pages\/10266","targetHints":{"allow":["GET"]}}],"collection":[{"href":"https:\/\/ww16.ce.gov.br\/ceasa-ce\/wp-json\/wp\/v2\/pages"}],"about":[{"href":"https:\/\/ww16.ce.gov.br\/ceasa-ce\/wp-json\/wp\/v2\/types\/page"}],"author":[{"embeddable":true,"href":"https:\/\/ww16.ce.gov.br\/ceasa-ce\/wp-json\/wp\/v2\/users\/80"}],"replies":[{"embeddable":true,"href":"https:\/\/ww16.ce.gov.br\/ceasa-ce\/wp-json\/wp\/v2\/comments?post=10266"}],"version-history":[{"count":14,"href":"https:\/\/ww16.ce.gov.br\/ceasa-ce\/wp-json\/wp\/v2\/pages\/10266\/revisions"}],"predecessor-version":[{"id":10605,"href":"https:\/\/ww16.ce.gov.br\/ceasa-ce\/wp-json\/wp\/v2\/pages\/10266\/revisions\/10605"}],"up":[{"embeddable":true,"href":"https:\/\/ww16.ce.gov.br\/ceasa-ce\/wp-json\/wp\/v2\/pages\/52"}],"wp:attachment":[{"href":"https:\/\/ww16.ce.gov.br\/ceasa-ce\/wp-json\/wp\/v2\/media?parent=10266"}],"curies":[{"name":"wp","href":"https:\/\/api.w.org\/{rel}","templated":true}]}}